6)*-10. Let k(x) = x**3 + 5*x**2 + x. Give k(q).
-5
Let v = -1 + 3. Let k(f) = v - 5 + 3 - f. What is k(-3)?
3
Let q(n) = n - 8. Let x be q(4). Let v(w) = -6 + 4 - 2 - w. What is v(x)?
0
Let v = -4 + 4. Let n be (v + 1)*-2 + 7. Suppose -3*k - 4*h = 30, -7 = -2*k + n*h - 4. Let p(c) = -c**2 - 6*c + 1. Give p(k).
1
Suppose -4*t + 27 = 3*q - 0, 0 = 3*q - 5*t. Let g(a) = a**2 - 8*a + 5. Determine g(q).
-10
Let n(z) = z**3 - z**2 - z - 8. Suppose d + 2 = 5*o, -3*o + 2*o = 4*d - 97. Let m = -23 + d. Determine n(m).
-8
Let o(i) = i**2 - 1. Let t(a) = -5*a**2 - 2*a + 7. Let d(w) = -6*o(w) - t(w). Determine d(-4).
-25
Let p(d) = d**3 - d**2 - d - 5. Let j(r) = -6*r**3 + 6*r**2 + 5*r + 26. Let t = -11 - -9. Let x(f) = t*j(f) - 11*p(f). Determine x(0).
3
Let x(l) = l + 4*l - 4*l + l**2 - 5. Suppose 3*k + 3 = 4*n, -5 = -2*n - 0*n + 5*k. Give x(n).
-5
Suppose -n + 2*n = -c, -c + 3*n = -8. Let l(b) be the third derivative of b**c + 0*b + 5/24*b**4 - 1/6*b**3 + 0. What is l(-1)?
-6
Suppose 13*n - 12 = -51. Let w(a) = -2*a**3 - 2*a**2 + a - 3. Give w(n).
30
Let g(r) be the third derivative of r**6/120 - r**5/15 - 5*r**4/24 + r**3/3 - r**2. Let m(v) = v**3 + 8*v**2 + 5. Let t be m(-8). Give g(t).
2
Let a(f) = -1 + 11*f - 10*f + 0 + 0*f. Calculate a(-3).
-4
Let u(l) = -l**3 - 4*l**2 + 4*l - 4. Let b(z) = -z**3 - 4*z**2 - 2*z - 5. Let f be b(-4). Let v be f + (-8)/((-1)/(-1)). Calculate u(v).
1
Let f(d) = d**2 - 5*d - 1. Let p = 3 - -2. Suppose -2*a - 4 = -6. Let w be 25/p*(a - 0). Calculate f(w).
-1
Let q(n) = -2*n**3 - 2*n**2 + 5*n - 9. Let i(g) = -g**3 + g**2 + g - 1. Let k(x) = 3*i(x) - q(x). Suppose m - 6*m + 25 = 0. Determine k(m).
-4
Let a(t) = -t - 1. Let w(v) = v + 1. Let b(q) = 2*a(q) + w(q). Let r be b(-2). Let d(u) = 3*u + 1. Calculate d(r).
4
Suppose 4*g + 6 = -2*j, 3*j + 6*g + 5 = g. Let p(k) = 0*k**2 - k**2 + j*k - 9*k + 2*k**2 - 7. What is p(6)?
5
Let d(f) = -f**3 + 5*f**2 - 2. Suppose 0 = -n - 0*n + 6. Let q = 6 - n. Suppose q = s + z + 2*z + 13, 3*s + 4*z = -14. What is d(s)?
10
Let z(b) = 3*b**2 + 0 - 4*b**2 + 3 + 4*b. Suppose 1 = x + 5. Let f = 7 + x. Determine z(f).
6
Let f = 4 + -1. Let i(n) = -3*n**2 + n**2 + 0*n**2 + 7*n + 9 + n**f + 9*n**2. Determine i(-6).
3
Let h(m) = -m**2 - 2*m + 6. Let g(f) = 2*f**2 + 4*f - 11. Let w(i) = -6*g(i) - 11*h(i). Suppose 4*l + 6 + 6 = 0. Determine w(l).
-3
Let m be (-88)/55 + (-2)/5. Let z(u) = 4*u**2 - 3*u - 5*u**2 + 0*u. Give z(m).
2
Let t(j) = 4*j + j**3 - 4*j**2 - 4*j + 4*j. Let l = 4 + -1. Suppose 2*x - 2*u = 12, 6*x + 3 = l*x - 4*u. Give t(x).
3
Suppose 2 + 8 = 5*r. Let j(s) = -1 - 1 - s + 0 - r. Give j(0).
-4
Let k(j) = -7*j + 5 - 5*j**2 + 8*j + 4*j**3 - 3*j**3. Calculate k(4).
-7
Let z(i) be the second derivative of -1/24*i**4 + 0*i**2 + 0*i**5 + 0 - 1/3*i**3 - 1/90*i**6 + 2*i. Let f(h) be the second derivative of z(h). Calculate f(-1).
-5
Let t(l) = -3*l**2 - 2 - l**3 - 7*l**2 + 0*l**2. Give t(-10).
-2
Let h(q) = -429*q**2 + 427*q**2 - q**3 - 3*q + 0*q. What is h(-2)?
6
Let d(q) = 4*q - 3. Let b(l) = 4*l - 3. Let u(h) = -6*b(h) + 5*d(h). Let a be (-5)/((-10)/(-4)) + 2. Let t = a + 2. Calculate u(t).
-5
Let w = 2 + 1. Let i be 4/10 - (-6)/10. Let u(y) = 2 - i + 1 + y + y. What is u(w)?
8
Let z(g) = g - 2. Let q = 12 + -17. Let n(y) = 3*y - 8. Let d(h) = -2*h + 8. Let p(t) = q*d(t) - 4*n(t). Let s be p(-7). What is z(s)?
4
Let x(p) = p**2 + 8*p + 9. Let k = 1 + -8. Give x(k).
2
Suppose 3*l - 7*l = 0. Let j(a) = 4*a + 12. Let d(x) = -5*x - 13. Let b(h) = -5*d(h) - 6*j(h). Calculate b(l).
-7
Suppose 6*h = -7*h + 52. Let z(m) be the third derivative of 0 - h*m**2 - 1/60*m**5 - 1/24*m**4 + 0*m**3 + 0*m. Give z(0).
0
Suppose -d = -0*b - 3*b + 2, -5*d = -4*b - 12. Let p(n) = b - 1 + 3 + n. Suppose -5*t - 11 = 14. What is p(t)?
-1
Suppose 0 = 3*u - 8*u - 15. Let w(s) = 2*s**2 + 7*s - 9. Let n(k) = k**2 + 3*k - 4. Let z(p) = 5*n(p) - 2*w(p). Calculate z(u).
4
Let p(j) be the third derivative of j**6/120 + j**5/60 - j**4/24 - 4*j**3/3 - 7*j**2. What is p(0)?
-8
Let k(y) be the first derivative of -1/2*y**2 + 1 + 8*y. What is k(4)?
4
Let w(o) = -6*o**3 + 12*o**2 - 13*o + 4. Let t(r) = 5*r**3 - 11*r**2 + 12*r - 4. Let b(v) = -5*t(v) - 4*w(v). Determine b(5).
14
Let f(a) = -6*a + 26*a - 2 + 5 - 10*a. Calculate f(-2).
-17
Let c(o) = -o**3 - o**2 + 1. Suppose j = -0*j + 5. Let u(f) = 4*f**3 + 2*f**2 + 4*f - 2. Let g(t) = j*c(t) + u(t). Give g(-4).
3
Suppose -5*b = 0, -3*b - 4 = 2*u + 8. Let w(q) = q**2 + 8*q + 8. Give w(u).
-4
Let r(w) be the third derivative of -w**8/20160 + w**7/1260 + w**6/240 - w**5/60 + 4*w**2. Let o(f) be the third derivative of r(f). Calculate o(5).
-2
Let d be (6 - 7)*(-4 - (-1 + -4)). Let v(m) = m - 1. Let q(a) = -3*a - 3. Let t = 1 + -2. Let u(r) = t*q(r) + 3*v(r). Determine u(d).
-6
Let o(q) = 4*q**2 + 3*q**2 - 7*q**2 + q**2 - 9*q**3. Calculate o(-1).
10
Let h(w) = -w**3 - 4*w**2 + 5*w + 1. Let f be h(-5). Let k(d) = -f + 0 + 3*d + 1 - 1. Calculate k(1).
2
Let k(x) = x - 2. Suppose -3*v = 2*v - 20. Let d be k(v). Let r = d + 1. Let s(f) = f + 1. What is s(r)?
4
Let z(j) = -j**3 - 4*j**2 - 2*j + 4. Let b be z(-3). Suppose -f + 0 = -b. Let a(s) = 6*s - 1. Calculate a(f).
5
Let w(q) = q + 1. Let o(f) = -4*f - 4. Let y(k) = -6*o(k) - 21*w(k). What is y(2)?
9
Let q(b) be the third derivative of b**5/60 - b**4/8 - b**3/6 + 7*b**2. Give q(3).
-1
Let l(s) = -s**2 + 6*s + 1. Let r(f) = -2*f**2 + 13*f + 2. Let c(j) = -13*l(j) + 6*r(j). What is c(1)?
0
Let t(z) = -8*z + 2. Let x(k) = -k - 1. Let r(d) = -t(d) + 6*x(d). Let v be r(6). Let s(q) = q**2 - 3*q. Determine s(v).
4
Suppose 0*p = h + p, 0 = -2*h + 4*p. Let g(a) = -5*a**3 + a**2 + 6*a - 3. Let r(d) = 11*d**3 - 2*d**2 - 13*d + 6. Let b(k) = 13*g(k) + 6*r(k). Give b(h).
-3
Let f(p) = -p**3 + 5*p**2 + 6*p + 8. Let o(x) = x**3 + x - 4. Let t be o(2). Calculate f(t).
8
Suppose -3*w + 5 = 2*c + 11, -w - 2 = 2*c. Let g be (-3)/3*w - 15. Let y = g - -8. Let p(v) = v**3 + 6*v**2 + 6*v + 3. Calculate p(y).
-2
Let a(h) = -h. Suppose 4*l + 3 = 7*l. Calculate a(l).
-1
Suppose c - 4*i = -3*c + 12, 0 = 3*i + 3. Suppose 7 = 3*d - c, -w = d - 9. Let q(j) = j**2 - 5*j - 5. Calculate q(w).
1
Let g = 8 + -6. Let j(l) = -2*l + 5*l - 3*l**g - l - 2 + l**3. Suppose 6*m = 2*m + 8. What is j(m)?
-2
Let a(d) = -d**3 + 3*d**2 + 6*d - 2. Suppose 4*p = -2*t + 1 - 11, -25 = -t + 4*p. Suppose -2*w - 2*w + 6 = 5*i, 3*w - 2 = -t*i. What is a(w)?
6
Let p(d) = -d + 3*d**2 - 7*d**3 + 1 + 0*d**2 - 4*d**2. Determine p(1).
-8
Let u(p) = -3 + 0 + 7 - 2 + 3*p. Determine u(2).
8
Suppose -3*n - 3 + 15 = 0. Let b(v) be the first derivative of v**4/4 - 4*v**3/3 + v**2/2 - 5. What is b(n)?
4
Suppose -3*b - b - 17 = a, -12 = 4*b. Let i(o) = 3*o + 6. Give i(a).
-9
Let m be 14/6 - (-4)/6. Let f be (m/(-2))/(9/(-12)). Let n(j) = -2*j**3 + 0*j**f - 4*j**2 + j**3. Calculate n(-4).
0
Let r = 15 + -4. Let s(k) = k**3 - 12*k**2 + 12*k - 15. Give s(r).
-4
Let g(r) = -44*r + 21*r + 19*r. Suppose h - 2 - 12 = -5*y, -2*y + 6 = 0. Give g(h).
4
Let n(s) = 2*s**2 - 5*s + 4. Suppose -3*f + 7 = -3*h + f, 20 = 4*h + 2*f. Calculate n(h).
7
Let d = 12 + -9. Let n(v) = v**3 - 4*v**2 - 2*v - 2. Let x(w) = 3*w**3 - 12*w**2 - 5*w - 6. Let r(o) = -17*n(o) + 6*x(o). Determine r(d).
1
Let d(v) = -8*v**3 - 2*v - 1. Let r be d(-1). Let k = -11 + r. Let l(c) = c + 3. Determine l(k).
1
Suppose -2*k - 25 = 4*s - 9*s, 0 = 3*k + 15. Let w(p) = s*p**3 - 5*p - 2*p**3 - 3 - 2*p**3 - 4*p**2. Let g be -1 - (-2 - -4)/1. What is w(g)?
3
Let b be 6/9*(-3)/(-1). Let y(d) = -d**2 + 0*d**b + 8 - 3*d - 2*d. Give y(-6).
2
Let h(o) = o**3 - 2*o**2 - o - 1. Let u = 6 - 7. Let m(k) = 20*k**2 - 2*k - 1. Let l be m(u). Suppose 4*c = 5*d + 27, -3*c + 5*d + l = -c. Give h(c).
5
Suppose 6 = -2*g + 4*i, -i = -2*g - 2*g - 12. Suppose 2*o = 7*o - 10. Let f(p) = 6*p - o*p - p - 1. Give f(g).
-10
Let s(x) = -x - 5. Suppose 0 = -5*f - 3*m + 18, -f - 4*f + 5*m = -50. Determine s(f).
-11
Let w(r) = r**2 - r - 2. Let u = 14 - 10. Suppose 4 + 8 = u*c. Give w(c).
4
Let a(l) = 2*l**2 + 2*l - 2. Let j be a(-2). Let n be (-3)/j*(-8)/(-6). Let k(u) = 4*u + u - 3*u - 2 - u - u**3. What is k(n)?
4
Let c(m) = 15*m - 6. Let r(a) = -23*a + 9. Let h(u) = 8*c(u) + 5*r(u). Determine h(2).
7
Let b(h) = h + 4. Let n be b(-8). Suppose 5*g - 21 = -2*q, -5*g + 9